{"id":948,"date":"2025-12-12T04:08:02","date_gmt":"2025-12-12T04:08:02","guid":{"rendered":"https:\/\/agnakamura.com\/konbi\/?page_id=948"},"modified":"2026-01-18T21:14:39","modified_gmt":"2026-01-18T21:14:39","slug":"cursos","status":"publish","type":"page","link":"https:\/\/agnakamura.com\/konbi\/cursos\/","title":{"rendered":"Cursos"},"content":{"rendered":"\t\t<div data-elementor-type=\"wp-page\" data-elementor-id=\"948\" class=\"elementor elementor-948\" data-elementor-post-type=\"page\">\n\t\t\t\t<div class=\"elementor-element elementor-element-1f37e52 e-grid e-con-boxed e-con e-parent\" data-id=\"1f37e52\" data-element_type=\"container\" data-e-type=\"container\">\n\t\t\t\t\t<div class=\"e-con-inner\">\n\t\t<div class=\"elementor-element elementor-element-71a899a e-con-full e-flex e-con e-child\" data-id=\"71a899a\" data-element_type=\"container\" data-e-type=\"container\" data-settings=\"{&quot;background_background&quot;:&quot;classic&quot;}\">\n\t\t\t\t<div class=\"elementor-element elementor-element-6257c17 elementor-widget elementor-widget-image\" data-id=\"6257c17\" data-element_type=\"widget\" data-e-type=\"widget\" data-widget_type=\"image.default\">\n\t\t\t\t\t\t\t\t\t\t\t\t\t\t\t\t<a href=\"https:\/\/agnakamura.com\/konbi\/cursos\/curso-esencial\/\">\n\t\t\t\t\t\t\t<img fetchpriority=\"high\" decoding=\"async\" width=\"800\" height=\"800\" src=\"https:\/\/agnakamura.com\/konbi\/wp-content\/uploads\/2025\/12\/w5000-h2000-copy-2.webp\" class=\"attachment-full size-full wp-image-954\" alt=\"\" srcset=\"https:\/\/agnakamura.com\/konbi\/wp-content\/uploads\/2025\/12\/w5000-h2000-copy-2.webp 800w, https:\/\/agnakamura.com\/konbi\/wp-content\/uploads\/2025\/12\/w5000-h2000-copy-2-300x300.webp 300w, https:\/\/agnakamura.com\/konbi\/wp-content\/uploads\/2025\/12\/w5000-h2000-copy-2-150x150.webp 150w, https:\/\/agnakamura.com\/konbi\/wp-content\/uploads\/2025\/12\/w5000-h2000-copy-2-768x768.webp 768w, https:\/\/agnakamura.com\/konbi\/wp-content\/uploads\/2025\/12\/w5000-h2000-copy-2-600x600.webp 600w, https:\/\/agnakamura.com\/konbi\/wp-content\/uploads\/2025\/12\/w5000-h2000-copy-2-100x100.webp 100w\" sizes=\"(max-width: 800px) 100vw, 800px\" \/>\t\t\t\t\t\t\t\t<\/a>\n\t\t\t\t\t\t\t\t\t\t\t\t\t\t\t<\/div>\n\t\t<div class=\"elementor-element elementor-element-045f235 e-con-full e-flex e-con e-child\" data-id=\"045f235\" data-element_type=\"container\" data-e-type=\"container\">\n\t\t\t\t<div class=\"elementor-element elementor-element-5a8ba51 elementor-widget elementor-widget-heading\" data-id=\"5a8ba51\" data-element_type=\"widget\" data-e-type=\"widget\" data-widget_type=\"heading.default\">\n\t\t\t\t\t<h2 class=\"elementor-heading-title elementor-size-default\"><a href=\"https:\/\/agnakamura.com\/konbi\/cursos\/curso-esencial\/\">Esencial<\/a><\/h2>\t\t\t\t<\/div>\n\t\t\t\t<div class=\"elementor-element elementor-element-445bac6 elementor-widget elementor-widget-text-editor\" data-id=\"445bac6\" data-element_type=\"widget\" data-e-type=\"widget\" data-widget_type=\"text-editor.default\">\n\t\t\t\t\t\t\t\t\tCurso de 4:30 Horas en VIDEO con las herramientas esenciales.\t\t\t\t\t\t\t\t<\/div>\n\t\t\t\t<div class=\"elementor-element elementor-element-226c4de elementor-align-center elementor-widget elementor-widget-button\" data-id=\"226c4de\" data-element_type=\"widget\" data-e-type=\"widget\" data-widget_type=\"button.default\">\n\t\t\t\t\t\t\t\t\t\t<a class=\"elementor-button elementor-button-link elementor-size-sm\" href=\"https:\/\/agnakamura.com\/konbi\/cursos\/curso-esencial\/\">\n\t\t\t\t\t\t<span class=\"elementor-button-content-wrapper\">\n\t\t\t\t\t\t\t\t\t<span class=\"elementor-button-text\">Inscripciones abiertas<\/span>\n\t\t\t\t\t<\/span>\n\t\t\t\t\t<\/a>\n\t\t\t\t\t\t\t\t<\/div>\n\t\t\t\t<\/div>\n\t\t\t\t<\/div>\n\t\t<div class=\"elementor-element elementor-element-4aebe6a e-con-full e-flex e-con e-child\" data-id=\"4aebe6a\" data-element_type=\"container\" data-e-type=\"container\" data-settings=\"{&quot;background_background&quot;:&quot;classic&quot;}\">\n\t\t\t\t<div class=\"elementor-element elementor-element-d38a4e7 elementor-widget elementor-widget-image\" data-id=\"d38a4e7\" data-element_type=\"widget\" data-e-type=\"widget\" data-widget_type=\"image.default\">\n\t\t\t\t\t\t\t\t\t\t\t\t\t\t\t<img decoding=\"async\" width=\"800\" height=\"800\" src=\"https:\/\/agnakamura.com\/konbi\/wp-content\/uploads\/2025\/12\/w5000-h2000-copy-3.webp\" class=\"attachment-full size-full wp-image-967\" alt=\"\" srcset=\"https:\/\/agnakamura.com\/konbi\/wp-content\/uploads\/2025\/12\/w5000-h2000-copy-3.webp 800w, https:\/\/agnakamura.com\/konbi\/wp-content\/uploads\/2025\/12\/w5000-h2000-copy-3-300x300.webp 300w, https:\/\/agnakamura.com\/konbi\/wp-content\/uploads\/2025\/12\/w5000-h2000-copy-3-150x150.webp 150w, https:\/\/agnakamura.com\/konbi\/wp-content\/uploads\/2025\/12\/w5000-h2000-copy-3-768x768.webp 768w, https:\/\/agnakamura.com\/konbi\/wp-content\/uploads\/2025\/12\/w5000-h2000-copy-3-600x600.webp 600w, https:\/\/agnakamura.com\/konbi\/wp-content\/uploads\/2025\/12\/w5000-h2000-copy-3-100x100.webp 100w\" sizes=\"(max-width: 800px) 100vw, 800px\" \/>\t\t\t\t\t\t\t\t\t\t\t\t\t\t\t<\/div>\n\t\t<div class=\"elementor-element elementor-element-736abbd e-con-full e-flex e-con e-child\" data-id=\"736abbd\" data-element_type=\"container\" data-e-type=\"container\">\n\t\t\t\t<div class=\"elementor-element elementor-element-dc7494f elementor-widget elementor-widget-heading\" data-id=\"dc7494f\" data-element_type=\"widget\" data-e-type=\"widget\" data-widget_type=\"heading.default\">\n\t\t\t\t\t<h2 class=\"elementor-heading-title elementor-size-default\">Mentor\u00eda<\/h2>\t\t\t\t<\/div>\n\t\t\t\t<div class=\"elementor-element elementor-element-5346a1f elementor-widget elementor-widget-text-editor\" data-id=\"5346a1f\" data-element_type=\"widget\" data-e-type=\"widget\" data-widget_type=\"text-editor.default\">\n\t\t\t\t\t\t\t\t\tMentor\u00eda online con Agust\u00edn Graham Nakamura.\t\t\t\t\t\t\t\t<\/div>\n\t\t\t\t<div class=\"elementor-element elementor-element-02bf1a8 elementor-align-center elementor-widget elementor-widget-button\" data-id=\"02bf1a8\" data-element_type=\"widget\" data-e-type=\"widget\" data-widget_type=\"button.default\">\n\t\t\t\t\t\t\t\t\t\t<a class=\"elementor-button elementor-size-sm\" role=\"button\">\n\t\t\t\t\t\t<span class=\"elementor-button-content-wrapper\">\n\t\t\t\t\t\t\t\t\t<span class=\"elementor-button-text\">Pr\u00f3ximamente<\/span>\n\t\t\t\t\t<\/span>\n\t\t\t\t\t<\/a>\n\t\t\t\t\t\t\t\t<\/div>\n\t\t\t\t<\/div>\n\t\t\t\t<\/div>\n\t\t<div class=\"elementor-element elementor-element-19d44e4 e-con-full e-flex e-con e-child\" data-id=\"19d44e4\" data-element_type=\"container\" data-e-type=\"container\" data-settings=\"{&quot;background_background&quot;:&quot;classic&quot;}\">\n\t\t\t\t<div class=\"elementor-element elementor-element-4791793 elementor-widget elementor-widget-image\" data-id=\"4791793\" data-element_type=\"widget\" data-e-type=\"widget\" data-widget_type=\"image.default\">\n\t\t\t\t\t\t\t\t\t\t\t\t\t\t\t<img decoding=\"async\" width=\"800\" height=\"800\" src=\"https:\/\/agnakamura.com\/konbi\/wp-content\/uploads\/2025\/12\/w5000-h2000-copy-0.webp\" class=\"attachment-full size-full wp-image-968\" alt=\"\" srcset=\"https:\/\/agnakamura.com\/konbi\/wp-content\/uploads\/2025\/12\/w5000-h2000-copy-0.webp 800w, https:\/\/agnakamura.com\/konbi\/wp-content\/uploads\/2025\/12\/w5000-h2000-copy-0-300x300.webp 300w, https:\/\/agnakamura.com\/konbi\/wp-content\/uploads\/2025\/12\/w5000-h2000-copy-0-150x150.webp 150w, https:\/\/agnakamura.com\/konbi\/wp-content\/uploads\/2025\/12\/w5000-h2000-copy-0-768x768.webp 768w, https:\/\/agnakamura.com\/konbi\/wp-content\/uploads\/2025\/12\/w5000-h2000-copy-0-600x600.webp 600w, https:\/\/agnakamura.com\/konbi\/wp-content\/uploads\/2025\/12\/w5000-h2000-copy-0-100x100.webp 100w\" sizes=\"(max-width: 800px) 100vw, 800px\" \/>\t\t\t\t\t\t\t\t\t\t\t\t\t\t\t<\/div>\n\t\t<div class=\"elementor-element elementor-element-5e755a0 e-con-full e-flex e-con e-child\" data-id=\"5e755a0\" data-element_type=\"container\" data-e-type=\"container\">\n\t\t\t\t<div class=\"elementor-element elementor-element-928e631 elementor-widget elementor-widget-heading\" data-id=\"928e631\" data-element_type=\"widget\" data-e-type=\"widget\" data-widget_type=\"heading.default\">\n\t\t\t\t\t<h2 class=\"elementor-heading-title elementor-size-default\">Master Class<\/h2>\t\t\t\t<\/div>\n\t\t\t\t<div class=\"elementor-element elementor-element-ebfa4e4 elementor-widget elementor-widget-text-editor\" data-id=\"ebfa4e4\" data-element_type=\"widget\" data-e-type=\"widget\" data-widget_type=\"text-editor.default\">\n\t\t\t\t\t\t\t\t\t<p>Clases magistrales sobre tem\u00e1ticas diversas.<\/p>\t\t\t\t\t\t\t\t<\/div>\n\t\t\t\t<div class=\"elementor-element elementor-element-241cdc2 elementor-align-center elementor-widget elementor-widget-button\" data-id=\"241cdc2\" data-element_type=\"widget\" data-e-type=\"widget\" data-widget_type=\"button.default\">\n\t\t\t\t\t\t\t\t\t\t<a class=\"elementor-button elementor-size-sm\" role=\"button\">\n\t\t\t\t\t\t<span class=\"elementor-button-content-wrapper\">\n\t\t\t\t\t\t\t\t\t<span class=\"elementor-button-text\">Pr\u00f3ximamente<\/span>\n\t\t\t\t\t<\/span>\n\t\t\t\t\t<\/a>\n\t\t\t\t\t\t\t\t<\/div>\n\t\t\t\t<\/div>\n\t\t\t\t<\/div>\n\t\t\t\t\t<\/div>\n\t\t\t\t<\/div>\n\t\t<div class=\"elementor-element elementor-element-5d3609a e-flex e-con-boxed e-con e-parent\" data-id=\"5d3609a\" data-element_type=\"container\" data-e-type=\"container\">\n\t\t\t\t\t<div class=\"e-con-inner\">\n\t\t\t\t\t<\/div>\n\t\t\t\t<\/div>\n\t\t\t\t<\/div>\n\t\t","protected":false},"excerpt":{"rendered":"<p>Esencial Curso de 4:30 Horas en VIDEO con las herramientas esenciales. Inscripciones abiertas Mentor\u00eda Mentor\u00eda online con Agust\u00edn Graham Nakamura. Pr\u00f3ximamente Master Class Clases magistrales sobre tem\u00e1ticas diversas. Pr\u00f3ximamente<\/p>\n","protected":false},"author":2,"featured_media":0,"parent":0,"menu_order":0,"comment_status":"closed","ping_status":"closed","template":"","meta":{"_acf_changed":false,"inline_featured_image":false,"ocean_post_layout":"","ocean_both_sidebars_style":"","ocean_both_sidebars_content_width":0,"ocean_both_sidebars_sidebars_width":0,"ocean_sidebar":"","ocean_second_sidebar":"","ocean_disable_margins":"enable","ocean_add_body_class":"","ocean_shortcode_before_top_bar":"","ocean_shortcode_after_top_bar":"","ocean_shortcode_before_header":"","ocean_shortcode_after_header":"","ocean_has_shortcode":"","ocean_shortcode_after_title":"","ocean_shortcode_before_footer_widgets":"","ocean_shortcode_after_footer_widgets":"","ocean_shortcode_before_footer_bottom":"","ocean_shortcode_after_footer_bottom":"","ocean_display_top_bar":"default","ocean_display_header":"default","ocean_header_style":"","ocean_center_header_left_menu":"","ocean_custom_header_template":"","ocean_custom_logo":0,"ocean_custom_retina_logo":0,"ocean_custom_logo_max_width":0,"ocean_custom_logo_tablet_max_width":0,"ocean_custom_logo_mobile_max_width":0,"ocean_custom_logo_max_height":0,"ocean_custom_logo_tablet_max_height":0,"ocean_custom_logo_mobile_max_height":0,"ocean_header_custom_menu":"","ocean_menu_typo_font_family":"","ocean_menu_typo_font_subset":"","ocean_menu_typo_font_size":0,"ocean_menu_typo_font_size_tablet":0,"ocean_menu_typo_font_size_mobile":0,"ocean_menu_typo_font_size_unit":"px","ocean_menu_typo_font_weight":"","ocean_menu_typo_font_weight_tablet":"","ocean_menu_typo_font_weight_mobile":"","ocean_menu_typo_transform":"","ocean_menu_typo_transform_tablet":"","ocean_menu_typo_transform_mobile":"","ocean_menu_typo_line_height":0,"ocean_menu_typo_line_height_tablet":0,"ocean_menu_typo_line_height_mobile":0,"ocean_menu_typo_line_height_unit":"","ocean_menu_typo_spacing":0,"ocean_menu_typo_spacing_tablet":0,"ocean_menu_typo_spacing_mobile":0,"ocean_menu_typo_spacing_unit":"","ocean_menu_link_color":"","ocean_menu_link_color_hover":"","ocean_menu_link_color_active":"","ocean_menu_link_background":"","ocean_menu_link_hover_background":"","ocean_menu_link_active_background":"","ocean_menu_social_links_bg":"","ocean_menu_social_hover_links_bg":"","ocean_menu_social_links_color":"","ocean_menu_social_hover_links_color":"","ocean_disable_title":"default","ocean_disable_heading":"default","ocean_post_title":"","ocean_post_subheading":"","ocean_post_title_style":"","ocean_post_title_background_color":"","ocean_post_title_background":0,"ocean_post_title_bg_image_position":"","ocean_post_title_bg_image_attachment":"","ocean_post_title_bg_image_repeat":"","ocean_post_title_bg_image_size":"","ocean_post_title_height":0,"ocean_post_title_bg_overlay":0.5,"ocean_post_title_bg_overlay_color":"","ocean_disable_breadcrumbs":"default","ocean_breadcrumbs_color":"","ocean_breadcrumbs_separator_color":"","ocean_breadcrumbs_links_color":"","ocean_breadcrumbs_links_hover_color":"","ocean_display_footer_widgets":"default","ocean_display_footer_bottom":"default","ocean_custom_footer_template":"","footnotes":""},"class_list":["post-948","page","type-page","status-publish","hentry","entry","owp-thumbs-layout-horizontal","owp-btn-normal","owp-tabs-layout-horizontal","has-no-thumbnails"],"acf":[],"_links":{"self":[{"href":"https:\/\/agnakamura.com\/konbi\/wp-json\/wp\/v2\/pages\/948","targetHints":{"allow":["GET"]}}],"collection":[{"href":"https:\/\/agnakamura.com\/konbi\/wp-json\/wp\/v2\/pages"}],"about":[{"href":"https:\/\/agnakamura.com\/konbi\/wp-json\/wp\/v2\/types\/page"}],"author":[{"embeddable":true,"href":"https:\/\/agnakamura.com\/konbi\/wp-json\/wp\/v2\/users\/2"}],"replies":[{"embeddable":true,"href":"https:\/\/agnakamura.com\/konbi\/wp-json\/wp\/v2\/comments?post=948"}],"version-history":[{"count":109,"href":"https:\/\/agnakamura.com\/konbi\/wp-json\/wp\/v2\/pages\/948\/revisions"}],"predecessor-version":[{"id":1698,"href":"https:\/\/agnakamura.com\/konbi\/wp-json\/wp\/v2\/pages\/948\/revisions\/1698"}],"wp:attachment":[{"href":"https:\/\/agnakamura.com\/konbi\/wp-json\/wp\/v2\/media?parent=948"}],"curies":[{"name":"wp","href":"https:\/\/api.w.org\/{rel}","templated":true}]}}